{"id":6,"date":"2015-01-20T12:42:34","date_gmt":"2015-01-20T11:42:34","guid":{"rendered":"http:\/\/cv-markneukirchen.de\/web\/?page_id=5"},"modified":"2025-01-26T14:51:31","modified_gmt":"2025-01-26T13:51:31","slug":"startseite","status":"publish","type":"page","link":"https:\/\/cv-markneukirchen.de\/wp\/","title":{"rendered":""},"content":{"rendered":"<div class=\"vce-row-container\" data-vce-boxed-width=\"true\"><div class=\"vce-row vce-row--col-gap-30 vce-row-equal-height vce-row-content--top\" id=\"el-b0fc4e2b\" data-vce-do-apply=\"all el-b0fc4e2b\"><div class=\"vce-row-content\" data-vce-element-content=\"true\"><div class=\"vce-col vce-col--md-96p vce-col--xs-1 vce-col--xs-last vce-col--xs-first vce-col--sm-last vce-col--sm-first vce-col--md-last vce-col--lg-last vce-col--xl-last vce-col--md-first vce-col--lg-first vce-col--xl-first\" id=\"el-2bb3a3f7\"><div class=\"vce-col-inner\" data-vce-do-apply=\"border margin background  el-2bb3a3f7\"><div class=\"vce-col-content\" data-vce-element-content=\"true\" data-vce-do-apply=\"padding el-2bb3a3f7\"><div class=\"vce-simple-image-slider\" style=\"--backgroundPosition: center center; --pointerColor: #fff; --pointerColorHover: #fd9a00;\"><div class=\"vce-simple-image-slider-wrapper vce vce-simple-image-slider-shape--rounded\" id=\"el-f147c26b\" data-vce-do-apply=\"all el-f147c26b\"><div class=\"vce-simple-image-slider-helper vce-simple-image-slider-aspect-ratio--16-9\"><div class=\"vce-simple-image-slider-list\" data-slick-autoplay=\"on\" data-slick-autoplay-delay=\"5000\" data-slick-effect=\"slideIn\" data-slick-dots=\"on\" data-slick-arrows=\"off\"><div class=\"slick-list\"><div class=\"slick-track\"><div class=\"vce-simple-image-slider-item vc-slick-item\"><div style=\"background-image:url(https:\/\/cv-markneukirchen.de\/wp\/wp-content\/uploads\/2025\/01\/Monatsspruch_02_2025-1.jpg)\" class=\"vce-simple-image-slider-img vce-simple-image-slider-img--scale\"><img decoding=\"async\" class=\"\" src=\"https:\/\/cv-markneukirchen.de\/wp\/wp-content\/uploads\/2025\/01\/Monatsspruch_02_2025-1.jpg\" style=\"opacity:0\" alt=\"\"><\/div><\/div><div class=\"vce-simple-image-slider-item vc-slick-item\"><div style=\"background-image:url(https:\/\/cv-markneukirchen.de\/wp\/wp-content\/uploads\/2022\/11\/IMG_20210214_105157-scaled.jpg)\" class=\"vce-simple-image-slider-img vce-simple-image-slider-img--scale\"><img decoding=\"async\" class=\"\" src=\"https:\/\/cv-markneukirchen.de\/wp\/wp-content\/uploads\/2022\/11\/IMG_20210214_105157-scaled.jpg\" style=\"opacity:0\" alt=\"Verlag am Birnbach - Motiv von Stefanie Bahlinger, M\u00f6ssingen\"><\/div><\/div><div class=\"vce-simple-image-slider-item vc-slick-item\"><div style=\"background-image:url(https:\/\/cv-markneukirchen.de\/wp\/wp-content\/uploads\/2025\/01\/Hauptuntersuchung_Quadrat.jpeg)\" class=\"vce-simple-image-slider-img vce-simple-image-slider-img--scale\"><img decoding=\"async\" class=\"\" src=\"https:\/\/cv-markneukirchen.de\/wp\/wp-content\/uploads\/2025\/01\/Hauptuntersuchung_Quadrat.jpeg\" style=\"opacity:0\" alt=\"\"><\/div><\/div><div class=\"vce-simple-image-slider-item vc-slick-item\"><div style=\"background-image:url(https:\/\/cv-markneukirchen.de\/wp\/wp-content\/uploads\/2022\/11\/IMG_20210214_105213-scaled.jpg)\" class=\"vce-simple-image-slider-img vce-simple-image-slider-img--scale\"><img decoding=\"async\" class=\"\" src=\"https:\/\/cv-markneukirchen.de\/wp\/wp-content\/uploads\/2022\/11\/IMG_20210214_105213-scaled.jpg\" style=\"opacity:0\" alt=\"\"><\/div><\/div><\/div><\/div><\/div><div class=\"vce-simple-image-slider-dots\"><\/div><\/div><\/div><\/div><\/div><\/div><\/div><\/div><\/div><\/div><div class=\"vce-row-container\" data-vce-boxed-width=\"true\"><div class=\"vce-row vce-row--col-gap-30 vce-row-equal-height vce-row-content--top\" id=\"el-708d4d63\" data-vce-do-apply=\"all el-708d4d63\"><div class=\"vce-row-content\" data-vce-element-content=\"true\"><div class=\"vce-col vce-col--md-90p vce-col--xs-1 vce-col--xs-last vce-col--xs-first vce-col--sm-last vce-col--sm-first vce-col--md-first vce-col--lg-first vce-col--xl-first\" id=\"el-be48d219\"><div class=\"vce-col-inner\" data-vce-do-apply=\"border margin background  el-be48d219\"><div class=\"vce-col-content\" data-vce-element-content=\"true\" data-vce-do-apply=\"padding el-be48d219\"><div class=\"vce-text-block\"><div class=\"vce-text-block-wrapper vce\" id=\"el-06caf45b\" data-vce-do-apply=\"all el-06caf45b\">\r\n<h2 class=\"wp-block-heading\">&nbsp;<\/h2>\r\n<h2>Was euch bei uns erwartet...<\/h2>\r\n<p>&nbsp;<\/p>\r\n\r\n<p>&nbsp;<\/p>\r\n<p>&nbsp;<\/p>\r\n\r\n<p>Wir als Ortgemeinde in Markneukirchen geh\u00f6ren zum gro\u00dfen Kreis der Br\u00fcdergemeinden, welche Weltweit daran interessiert sind die Botschaft des Evangeliums von Jesus Chrisus Bibelgetreu weiterzugeben! Unsere Gottesdienste richten sich nach keiner liturgischen Vorschrift aber einige Elemente werden Sie immer bei uns entdecken.<\/p>\r\n<p>&nbsp;<\/p>\r\n\r\n<p>&nbsp;<\/p>\r\n<p>&nbsp;<\/p>\r\n\r\n<p>Es erwarten Sie zum Beispiel:<\/p>\r\n<p>&nbsp;<\/p>\r\n\r\n<p>&nbsp;<\/p>\r\n<p>&nbsp;<\/p>\r\n\r\n<h2 class=\"wp-block-heading\">... eine Predigt ...<\/h2>\r\n<p>&nbsp;<\/p>\r\n\r\n<p>&nbsp;<\/p>\r\n<p>&nbsp;<\/p>\r\n\r\n<p>Texte aus der Bibel werden f\u00fcr die heutige Zeit verst\u00e4ndlich erkl\u00e4rt. Darunter verstehen leider viele Leute etwas Negatives, wir w\u00fcrden Sie gern vom Gegenteil \u00fcberzeugen.<\/p>\r\n<p>&nbsp;<\/p>\r\n\r\n<p>&nbsp;<\/p>\r\n<p>&nbsp;<\/p>\r\n\r\n<h2 class=\"wp-block-heading\">... Menschen ...<\/h2>\r\n<p>&nbsp;<\/p>\r\n\r\n<p>&nbsp;<\/p>\r\n<p>&nbsp;<\/p>\r\n\r\n<p>die eine pers\u00f6nliche Beziehung zu Gott haben und vertiefen wollen, aber auch offen sind f\u00fcr das Gespr\u00e4ch und Fragen zum Glauben. Auch an die Kinder wird gedacht und Ihnen in der Sonntagsschule das Grundwissen \u00fcber die Bibel beigebracht und mit ihnen gebetet.<\/p>\r\n<p>&nbsp;<\/p>\r\n\r\n<p>&nbsp;<\/p>\r\n<p>&nbsp;<\/p>\r\n\r\n<h2 class=\"wp-block-heading\">... Musik ...<\/h2>\r\n<p>&nbsp;<\/p>\r\n\r\n<p>&nbsp;<\/p>\r\n<p>&nbsp;<\/p>\r\n\r\n<p>Lieder zur Ehre Gottes vom 16. bis ins 20. Jahrhundert, zum Mitsingen und zuh\u00f6ren sind ebenfalls ein fester Bestandteil unserer Gottesdienste. Falls Sie Interesse haben besuchen Sie uns doch einmal. Sonntags ab 10.30 Uhr in der Bismarkstra\u00dfe 5 in Markneukirchen.<\/p>\r\n<p>&nbsp;<\/p>\r\n\r\n<p>&nbsp;<\/p>\r\n<p>&nbsp;<\/p>\r\n\r\n<p>Wir freuen uns auf die M\u00f6glichkeit das Evangelium mit Ihnen zu teilen!<\/p>\r\n<p>&nbsp;<\/p>\r\n\r\n<p>&nbsp;<\/p>\r\n<p>&nbsp;<\/p>\r\n\r\n<p>Ihre Christliche Versammlung Markneukirchen<\/p>\r\n<p>&nbsp;<\/p>\r\n<\/div><\/div><\/div><\/div><\/div><div class=\"vce-col vce-col--md-10p vce-col--xs-1 vce-col--xs-last vce-col--xs-first vce-col--sm-last vce-col--sm-first vce-col--md-last vce-col--lg-last vce-col--xl-last\" id=\"el-f51ef911\"><div class=\"vce-col-inner\" data-vce-do-apply=\"border margin background  el-f51ef911\"><div class=\"vce-col-content\" data-vce-element-content=\"true\" data-vce-do-apply=\"padding el-f51ef911\"><div class=\"vcv-row-control-wrapper\"><\/div><\/div><\/div><\/div><\/div><\/div><\/div><div class=\"vce-row-container\" data-vce-boxed-width=\"true\"><div class=\"vce-row vce-row--col-gap-30 vce-row-equal-height vce-row-content--top\" id=\"el-876758eb\" data-vce-do-apply=\"all el-876758eb\"><div class=\"vce-row-content\" data-vce-element-content=\"true\"><div class=\"vcv-row-control-wrapper\"><\/div><\/div><\/div><\/div>","protected":false},"excerpt":{"rendered":"<p>&nbsp; Was euch bei uns erwartet&#8230; &nbsp; &nbsp; &nbsp; Wir als Ortgemeinde in Markneukirchen geh\u00f6ren zum gro\u00dfen Kreis der Br\u00fcdergemeinden, welche Weltweit daran interessiert sind die Botschaft des Evangeliums von Jesus Chrisus Bibelgetreu weiterzugeben! Unsere Gottesdienste richten sich nach keiner liturgischen Vorschrift aber einige Elemente werden Sie immer bei uns entdecken. &nbsp; &nbsp; &nbsp; Es erwarten Sie zum Beispiel: &nbsp; &nbsp; &nbsp; &#8230; eine Predigt &#8230; &nbsp; &nbsp; &nbsp; Texte aus der Bibel werden f\u00fcr die heutige Zeit verst\u00e4ndlich erkl\u00e4rt. Darunter verstehen leider viele Leute etwas Negatives, wir w\u00fcrden Sie gern vom Gegenteil \u00fcberzeugen. &nbsp; &nbsp; &nbsp; &#8230; Menschen &#8230; &nbsp; &nbsp; &nbsp; die eine pers\u00f6nliche Beziehung zu Gott haben und vertiefen wollen, aber auch offen sind f\u00fcr das Gespr\u00e4ch und Fragen zum Glauben. Auch an die Kinder wird gedacht und Ihnen in der Sonntagsschule das Grundwissen \u00fcber die Bibel beigebracht und mit ihnen gebetet. &nbsp; &nbsp; &nbsp; &#8230; Musik &#8230; &nbsp; &nbsp; &nbsp; Lieder zur Ehre Gottes vom 16. bis ins 20. Jahrhundert, zum Mitsingen und zuh\u00f6ren sind ebenfalls ein fester Bestandteil unserer Gottesdienste. Falls Sie Interesse haben besuchen Sie uns doch einmal. Sonntags ab 10.30 Uhr in der Bismarkstra\u00dfe 5 in Markneukirchen. &nbsp; &nbsp; &nbsp; Wir freuen uns auf die M\u00f6glichkeit das Evangelium mit Ihnen zu teilen! &nbsp; &nbsp; &nbsp; Ihre Christliche Versammlung Markneukirchen &nbsp;<\/p>\n","protected":false},"author":2,"featured_media":0,"parent":0,"menu_order":0,"comment_status":"closed","ping_status":"closed","template":"","meta":{"footnotes":""},"class_list":["post-6","page","type-page","status-publish","hentry"],"aioseo_notices":[],"acf":[],"_links":{"self":[{"href":"https:\/\/cv-markneukirchen.de\/wp\/index.php?rest_route=\/wp\/v2\/pages\/6","targetHints":{"allow":["GET"]}}],"collection":[{"href":"https:\/\/cv-markneukirchen.de\/wp\/index.php?rest_route=\/wp\/v2\/pages"}],"about":[{"href":"https:\/\/cv-markneukirchen.de\/wp\/index.php?rest_route=\/wp\/v2\/types\/page"}],"author":[{"embeddable":true,"href":"https:\/\/cv-markneukirchen.de\/wp\/index.php?rest_route=\/wp\/v2\/users\/2"}],"replies":[{"embeddable":true,"href":"https:\/\/cv-markneukirchen.de\/wp\/index.php?rest_route=%2Fwp%2Fv2%2Fcomments&post=6"}],"version-history":[{"count":39,"href":"https:\/\/cv-markneukirchen.de\/wp\/index.php?rest_route=\/wp\/v2\/pages\/6\/revisions"}],"predecessor-version":[{"id":688,"href":"https:\/\/cv-markneukirchen.de\/wp\/index.php?rest_route=\/wp\/v2\/pages\/6\/revisions\/688"}],"wp:attachment":[{"href":"https:\/\/cv-markneukirchen.de\/wp\/index.php?rest_route=%2Fwp%2Fv2%2Fmedia&parent=6"}],"curies":[{"name":"wp","href":"https:\/\/api.w.org\/{rel}","templated":true}]}}

<div class="vce-row-container" data-vce-boxed-width="true"><div class="vce-row vce-row--col-gap-30 vce-row-equal-height vce-row-content--top" id="el-b0fc4e2b" data-vce-do-apply="all el-b0fc4e2b"><div class="vce-row-content" data-vce-element-content="true"><div class="vce-col vce-col--md-96p vce-col--xs-1 vce-col--xs-last vce-col--xs-first vce-col--sm-last vce-col--sm-first vce-col--md-last vce-col--lg-last vce-col--xl-last vce-col--md-first vce-col--lg-first vce-col--xl-first" id="el-2bb3a3f7"><div class="vce-col-inner" data-vce-do-apply="border margin background  el-2bb3a3f7"><div class="vce-col-content" data-vce-element-content="true" data-vce-do-apply="padding el-2bb3a3f7"><div class="vce-simple-image-slider" style="--backgroundPosition: center center; --pointerColor: #fff; --pointerColorHover: #fd9a00;"><div class="vce-simple-image-slider-wrapper vce vce-simple-image-slider-shape--rounded" id="el-f147c26b" data-vce-do-apply="all el-f147c26b"><div class="vce-simple-image-slider-helper vce-simple-image-slider-aspect-ratio--16-9"><div class="vce-simple-image-slider-list" data-slick-autoplay="on" data-slick-autoplay-delay="5000" data-slick-effect="slideIn" data-slick-dots="on" data-slick-arrows="off"><div class="slick-list"><div class="slick-track"><div class="vce-simple-image-slider-item vc-slick-item"><div style="background-image:url(https://cv-markneukirchen.de/wp/wp-content/uploads/2025/01/Monatsspruch_02_2025-1.jpg)" class="vce-simple-image-slider-img vce-simple-image-slider-img--scale"><img decoding="async" class="" src="https://cv-markneukirchen.de/wp/wp-content/uploads/2025/01/Monatsspruch_02_2025-1.jpg" style="opacity:0" alt=""></div></div><div class="vce-simple-image-slider-item vc-slick-item"><div style="background-image:url(https://cv-markneukirchen.de/wp/wp-content/uploads/2022/11/IMG_20210214_105157-scaled.jpg)" class="vce-simple-image-slider-img vce-simple-image-slider-img--scale"><img decoding="async" class="" src="https://cv-markneukirchen.de/wp/wp-content/uploads/2022/11/IMG_20210214_105157-scaled.jpg" style="opacity:0" alt="Verlag am Birnbach - Motiv von Stefanie Bahlinger, Mössingen"></div></div><div class="vce-simple-image-slider-item vc-slick-item"><div style="background-image:url(https://cv-markneukirchen.de/wp/wp-content/uploads/2025/01/Hauptuntersuchung_Quadrat.jpeg)" class="vce-simple-image-slider-img vce-simple-image-slider-img--scale"><img decoding="async" class="" src="https://cv-markneukirchen.de/wp/wp-content/uploads/2025/01/Hauptuntersuchung_Quadrat.jpeg" style="opacity:0" alt=""></div></div><div class="vce-simple-image-slider-item vc-slick-item"><div style="background-image:url(https://cv-markneukirchen.de/wp/wp-content/uploads/2022/11/IMG_20210214_105213-scaled.jpg)" class="vce-simple-image-slider-img vce-simple-image-slider-img--scale"><img decoding="async" class="" src="https://cv-markneukirchen.de/wp/wp-content/uploads/2022/11/IMG_20210214_105213-scaled.jpg" style="opacity:0" alt=""></div></div></div></div></div><div class="vce-simple-image-slider-dots"></div></div></div></div></div></div></div></div></div></div><div class="vce-row-container" data-vce-boxed-width="true"><div class="vce-row vce-row--col-gap-30 vce-row-equal-height vce-row-content--top" id="el-708d4d63" data-vce-do-apply="all el-708d4d63"><div class="vce-row-content" data-vce-element-content="true"><div class="vce-col vce-col--md-90p vce-col--xs-1 vce-col--xs-last vce-col--xs-first vce-col--sm-last vce-col--sm-first vce-col--md-first vce-col--lg-first vce-col--xl-first" id="el-be48d219"><div class="vce-col-inner" data-vce-do-apply="border margin background  el-be48d219"><div class="vce-col-content" data-vce-element-content="true" data-vce-do-apply="padding el-be48d219"><div class="vce-text-block"><div class="vce-text-block-wrapper vce" id="el-06caf45b" data-vce-do-apply="all el-06caf45b">
<h2 class="wp-block-heading">&nbsp;</h2>
<h2>Was euch bei uns erwartet...</h2>
<p>&nbsp;</p>

<p>&nbsp;</p>
<p>&nbsp;</p>

<p>Wir als Ortgemeinde in Markneukirchen gehören zum großen Kreis der Brüdergemeinden, welche Weltweit daran interessiert sind die Botschaft des Evangeliums von Jesus Chrisus Bibelgetreu weiterzugeben! Unsere Gottesdienste richten sich nach keiner liturgischen Vorschrift aber einige Elemente werden Sie immer bei uns entdecken.</p>
<p>&nbsp;</p>

<p>&nbsp;</p>
<p>&nbsp;</p>

<p>Es erwarten Sie zum Beispiel:</p>
<p>&nbsp;</p>

<p>&nbsp;</p>
<p>&nbsp;</p>

<h2 class="wp-block-heading">... eine Predigt ...</h2>
<p>&nbsp;</p>

<p>&nbsp;</p>
<p>&nbsp;</p>

<p>Texte aus der Bibel werden für die heutige Zeit verständlich erklärt. Darunter verstehen leider viele Leute etwas Negatives, wir würden Sie gern vom Gegenteil überzeugen.</p>
<p>&nbsp;</p>

<p>&nbsp;</p>
<p>&nbsp;</p>

<h2 class="wp-block-heading">... Menschen ...</h2>
<p>&nbsp;</p>

<p>&nbsp;</p>
<p>&nbsp;</p>

<p>die eine persönliche Beziehung zu Gott haben und vertiefen wollen, aber auch offen sind für das Gespräch und Fragen zum Glauben. Auch an die Kinder wird gedacht und Ihnen in der Sonntagsschule das Grundwissen über die Bibel beigebracht und mit ihnen gebetet.</p>
<p>&nbsp;</p>

<p>&nbsp;</p>
<p>&nbsp;</p>

<h2 class="wp-block-heading">... Musik ...</h2>
<p>&nbsp;</p>

<p>&nbsp;</p>
<p>&nbsp;</p>

<p>Lieder zur Ehre Gottes vom 16. bis ins 20. Jahrhundert, zum Mitsingen und zuhören sind ebenfalls ein fester Bestandteil unserer Gottesdienste. Falls Sie Interesse haben besuchen Sie uns doch einmal. Sonntags ab 10.30 Uhr in der Bismarkstraße 5 in Markneukirchen.</p>
<p>&nbsp;</p>

<p>&nbsp;</p>
<p>&nbsp;</p>

<p>Wir freuen uns auf die Möglichkeit das Evangelium mit Ihnen zu teilen!</p>
<p>&nbsp;</p>

<p>&nbsp;</p>
<p>&nbsp;</p>

<p>Ihre Christliche Versammlung Markneukirchen</p>
<p>&nbsp;</p>
</div></div></div></div></div><div class="vce-col vce-col--md-10p vce-col--xs-1 vce-col--xs-last vce-col--xs-first vce-col--sm-last vce-col--sm-first vce-col--md-last vce-col--lg-last vce-col--xl-last" id="el-f51ef911"><div class="vce-col-inner" data-vce-do-apply="border margin background  el-f51ef911"><div class="vce-col-content" data-vce-element-content="true" data-vce-do-apply="padding el-f51ef911"><div class="vcv-row-control-wrapper"></div></div></div></div></div></div></div><div class="vce-row-container" data-vce-boxed-width="true"><div class="vce-row vce-row--col-gap-30 vce-row-equal-height vce-row-content--top" id="el-876758eb" data-vce-do-apply="all el-876758eb"><div class="vce-row-content" data-vce-element-content="true"><div class="vcv-row-control-wrapper"></div></div></div></div>

<p>&nbsp; Was euch bei uns erwartet&#8230; &nbsp; &nbsp; &nbsp; Wir als Ortgemeinde in Markneukirchen gehören zum großen Kreis der Brüdergemeinden, welche Weltweit daran interessiert sind die Botschaft des Evangeliums von Jesus Chrisus Bibelgetreu weiterzugeben! Unsere Gottesdienste richten sich nach keiner liturgischen Vorschrift aber einige Elemente werden Sie immer bei uns entdecken. &nbsp; &nbsp; &nbsp; Es erwarten Sie zum Beispiel: &nbsp; &nbsp; &nbsp; &#8230; eine Predigt &#8230; &nbsp; &nbsp; &nbsp; Texte aus der Bibel werden für die heutige Zeit verständlich erklärt. Darunter verstehen leider viele Leute etwas Negatives, wir würden Sie gern vom Gegenteil überzeugen. &nbsp; &nbsp; &nbsp; &#8230; Menschen &#8230; &nbsp; &nbsp; &nbsp; die eine persönliche Beziehung zu Gott haben und vertiefen wollen, aber auch offen sind für das Gespräch und Fragen zum Glauben. Auch an die Kinder wird gedacht und Ihnen in der Sonntagsschule das Grundwissen über die Bibel beigebracht und mit ihnen gebetet. &nbsp; &nbsp; &nbsp; &#8230; Musik &#8230; &nbsp; &nbsp; &nbsp; Lieder zur Ehre Gottes vom 16. bis ins 20. Jahrhundert, zum Mitsingen und zuhören sind ebenfalls ein fester Bestandteil unserer Gottesdienste. Falls Sie Interesse haben besuchen Sie uns doch einmal. Sonntags ab 10.30 Uhr in der Bismarkstraße 5 in Markneukirchen. &nbsp; &nbsp; &nbsp; Wir freuen uns auf die Möglichkeit das Evangelium mit Ihnen zu teilen! &nbsp; &nbsp; &nbsp; Ihre Christliche Versammlung Markneukirchen &nbsp;</p>
